ltiple of 3247?
True
Does 61 divide 11830157?
True
Is 341997 a multiple of 29?
True
Does 134 divide 1699918935?
False
Is 416306647 a multiple of 56?
False
Is 358241917 a multiple of 7?
False
Is 4 a factor of 2381088?
True
Does 157 divide 36232303?
True
Is 7 a factor of 1244164502?
True
Is 1665397 a multiple of 117?
False
Is 16 a factor of 15300064?
True
Is 43 a factor of 4476905004?
False
Is 4747424073 a multiple of 177?
False
Does 461 divide 63200655?
False
Is 1604 a factor of 63359604?
True
Does 23 divide 25849751?
False
Is 2070 a factor of 236074148?
False
Is 28 a factor of 83829928?
True
Is 184740474 a multiple of 53?
False
Does 4 divide 224269220?
True
Does 43 divide 7109771?
False
Is 6 a factor of 1545949?
False
Is 147007304 a multiple of 8?
True
Is 2593 a factor of 172704172?
True
Is 166960206 a multiple of 118?
True
Is 25 a factor of 401983721?
False
Is 45 a factor of 1082057445?
True
Does 439 divide 356469707?
False
Is 101251944 a multiple of 24?
True
Is 113 a factor of 1649297263?
True
Does 4404 divide 564095148?
True
Is 1155084840 a multiple of 657?
True
Is 23846259 even?
False
Is 3751241142 a multiple of 2189?
True
Does 417 divide 4028220?
True
Is 935345420 a multiple of 38?
False
Does 517 divide 9451924?
False
Is 185 a factor of 13566956?
False
Is 101 a factor of 12219535?
False
Is 21232368 a multiple of 688?
True
Is 219655884 a multiple of 916?
True
Does 895 divide 128778865?
True
Is 46292088 a multiple of 24?
True
Is 7524 a factor of 1281778080?
False
Is 13 a factor of 123114875?
True
Is 212694644 a multiple of 6066?
False
Is 122 a factor of 15208606?
False
Is 23 a factor of 2958476?
False
Is 77 a factor of 963786362?
True
Is 66174678 a multiple of 3?
True
Is 10402 a factor of 613831095?
False
Does 532 divide 44419872?
True
Is 3 a factor of 80142281?
False
Is 32 a factor of 67890199?
False
Does 49 divide 126750486?
False
Is 10693010 a multiple of 1108?
False
Is 1550985650 a multiple of 248?
False
Does 52 divide 149929891?
False
Does 21 divide 13533984?
False
Does 1564 divide 3761120?
False
Is 200682080 a multiple of 872?
True
Does 280 divide 6144539?
False
Is 4945 a factor of 73059879?
False
Does 168 divide 1036780307?
False
Is 3016117 a multiple of 59?
False
Is 1680 a factor of 32195309?
False
Is 28 a factor of 630962796?
False
Does 54 divide 450589986?
True
Does 140 divide 176826301?
False
Is 241 a factor of 232687999?
False
Is 170553147 a multiple of 29?
True
Is 687 a factor of 10151412?
False
Does 412 divide 59944849?
False
Is 12 a factor of 28782132?
True
Is 457233560 a multiple of 166?
False
Is 1057155 a multiple of 11?
True
Is 77457549 a multiple of 131?
True
Is 54 a factor of 2509116665?
False
Is 3185470 a multiple of 251?
False
Is 1438001796 a multiple of 8981?
True
Is 580486162 a multiple of 3741?
False
Is 3746809 a multiple of 16?
False
Does 143 divide 71336569?
False
Does 146 divide 6061482?
True
Is 1190702927 a multiple of 11?
False
Is 4774 a factor of 1287738760?
True
Does 2804 divide 1399219829?
False
Does 13 divide 33976059?
True
Does 769 divide 42661044?
True
Does 55 divide 129667122?
False
Is 2623 a factor of 517678274?
False
Is 587197725 a multiple of 6483?
True
Is 138336688 a multiple of 2?
True
Does 23 divide 458846631?
False
Is 97239122 a multiple of 269?
False
Does 343 divide 1360998576?
False
Is 401 a factor of 18923591?
True
Is 6 a factor of 94122834?
True
Is 114 a factor of 212704788?
False
Is 154710104 a multiple of 35?
False
Is 343372208 a multiple of 17?
False
Is 810214695 a multiple of 15?
True
Does 2712 divide 65763650?
False
Does 116 divide 8111532?
True
Does 305 divide 11874998?
False
Does 13 divide 98157020?
True
Does 11 divide 127072327?
False
Does 98 divide 113030358?
True
Is 738 a factor of 452571120?
True
Does 270 divide 43779690?
True
Does 1311 divide 5403942?
True
Is 3815 a factor of 1242942149?
False
Does 17 divide 46995568?
False
Is 3 a factor of 22433071?
False
Is 981939948 a multiple of 44?
True
Does 4 divide 548855466?
False
Is 3354616 a multiple of 7?
False
Is 2293893630 a multiple of 18?
True
Is 65000621 a multiple of 3?
False
Is 81621477 a multiple of 33?
False
Is 406 a factor of 154335736?
False
Is 680 a factor of 87201840?
True
Is 5914 a factor of 46081888?
True
Does 190 divide 92586430?
True
Does 16 divide 1424774896?
True
Does 182 divide 2453589684?
True
Is 17 a factor of 151212943?
True
Is 14257220 a multiple of 2956?
False
Does 1600 divide 175170382?
False
Is 7 a factor of 132238309?
True
Is 3154711 a multiple of 271?
True
Is 83 a factor of 19063098?
False
Does 6 divide 16075697?
False
Is 307306374 a multiple of 13?
False
Is 4319 a factor of 415383742?
False
Does 1230 divide 11626747?
False
Is 703 a factor of 128670810?
False
Is 5 a factor of 19582549?
False
Is 2560 a factor of 345253557?
False
Is 21 a factor of 72815988?
True
Is 1221425805 a multiple of 8355?
True
Is 511 a factor of 5112334412?
False
Does 23 divide 568449222?
False
Is 106 a factor of 5324545?
False
Is 518994 a multiple of 10?
False
Is 28920584 a multiple of 59?
False
Does 2006 divide 399679452?
True
Is 23 a factor of 354606111?
True
Is 2516614194 a multiple of 46?
False
Is 23090151 a multiple of 141?
False
Is 13893 a factor of 1541525601?
True
Does 33 divide 2227641485?
False
Is 11 a factor of 28836687?
True
Is 5503450890 a multiple of 14?
True
Is 83 a factor of 75014?
False
Is 316 a factor of 13614544?
True
Does 5 divide 90458082?
False
Is 9 a factor of 62366634?
True
Does 1835 divide 1737618385?
True
Does 11 divide 8517432?
True
Is 1063403022 a multiple of 135?
False
Is 6 a factor of 2423880?
True
Is 132243523 a multiple of 2?
False
Is 974982673 a multiple of 11?
False
Is 177 a factor of 10341467?
False
Is 105028390 a multiple of 1061?
True
Is 39443372 a multiple of 560?
False
Is 123078565 a multiple of 730?
False
Is 1486 a factor of 1971961067?
False
Is 84 a factor of 78941016?
True
Is 987 a factor of 25823868?
True
Does 39 divide 1153269?
True
Is 231183517 a multiple of 1307?
False
Does 63 divide 199267230?
False
Is 57 a factor of 38864?
False
Is 47 a factor of 228729589?
True
Is 187702421 a multiple of 5370?
False
Is 1647182 a multiple of 5?
False
Is 45 a factor of 5384408715?
True
Is 23 a factor of 170237669?
False
Is 1066512288 a multiple of 366?
True
Is 8 a factor of 352538022?
False
Does 47 divide 139826880?
True
Does 106 divide 147154015?
False
Is 742133248 a multiple of 23?
False
Is 3 a factor of 76784328?
True
Is 3303760 a multiple of 15?
False
Does 45 divide 759299348?
False
Is 3470903738 a multiple of 1647?
False
Is 208983666 a multiple of 234?
False
Is 66 a factor of 2068836?
True
Is 20 a factor of 1354648605?
False
Does 864 divide 460059982?
False
Is 19 a factor of 2446232?
False
Does 433 divide 32658599?
False
Does 27 divide 146347559?
False
Does 5 divide 1242195?
True
Is 15983550 a multiple of 99?
True
Is 92163 a multiple of 14?
False
Is 228752830 a multiple of 2803?
True
Is 313700437 a multiple of 442?
False
Does 69 divide 85340601?
False
Is 193 a factor of 20315759?
True
Is 121 a factor of 913076164?
True
Does 12 divide 9227023?
False
Is 197 a factor of 30245553?
False
Does 16 divide 227279408?
True
Does 82 divide 99389994?
False
Is 44633431 a multiple of 34?
False
Is 14 a factor of 122708194?
True
Is 20 a factor of 6085601?
False
Does 27 divide 156789648?
True
Is 12 a factor of 56627487?
False
Is 75 a factor of 188011505?
False
Is 24 a factor of 79281822?
False
Does 22 divide 160893851?
False
Is 757 a factor of 277900756?
True
Is 111 a factor of 156785058?
True
Does 118 divide 684678126?
True
Does 848 divide 229336045?
False
Is 451984500 a multiple of 990?
True
Is 38 a factor of 378041822?
True
Is 16159755 a multiple of 112?
False
Does 11022 divide 740111990?
False
Does 313 divide 117352151?
True
Is 8 a factor of 72887824?
True
Is 515048228 a multiple of 196?
False
Does 1284 divide 21150999?
False
Is 11 a factor of 2021117583?
False
Is 2841 a factor of 49731705?
True
Is 2941 a factor of 261506438?
False
Does 46 divide 112486514?
True
Is 819081260 a multiple of 20?
True
Is 3443416580 a multiple of 31?
False
Is 109100135 a multiple of 153?
False
Does 215 divide 471300727?
False
Does 21 divide 1365131208?
True
Does 1098 divide 45796482?
True
Does 14 divide 84389830?
True
Is 48473544 a 